- 2*v, g = -4*v - 3*j + 82. List the prime factors of v.
19
Suppose 2*g = -4*t - 6 - 4, -2*t + 2*g = -4. Let v = t + 14. Suppose v - 1 = 3*l. What are the prime factors of l?
2
Let b be (0 + -48)*(92/(-6) + -2). Suppose 0*k = 4*k - b. List the prime factors of k.
2, 13
Suppose -18*q + 10*q + 3600 = 0. What are the prime factors of q?
2, 3, 5
Suppose -4*o - 3*x = -4927, -12*x + 16*x = 3*o - 3689. List the prime factors of o.
1231
Suppose 4*c + 4*f - 9*f - 100 = 0, -5*c + 125 = -5*f. What are the prime factors of c?
5
Suppose -g + 65 = -2*i - 251, 4*g - 4*i = 1264. What are the prime factors of g?
2, 79
Suppose 28*h = 30*h - 8. Suppose -x + h = u - 7, -3*u = 2*x - 36. List the prime factors of u.
2, 7
Let y = 1027 + 221. List the prime factors of y.
2, 3, 13
Let c = -1 + 4. Suppose c*h = -2*h - 110. Let x = 1 - h. What are the prime factors of x?
23
Let o(h) = -h**2 + 7*h. Let a be o(6). Let j(n) = -n**3 + 5*n**2 + 9*n - 8. Let u be j(a). Suppose -p = -2*p + u. List the prime factors of p.
2, 5
Suppose 2*g - 9243 = -37*g. What are the prime factors of g?
3, 79
Let q(j) = j**3 + 3*j**2 + 2*j + 1. Let l be q(-3). List the prime factors of (-177)/(l - -3*12/9).
3, 59
Let j(x) = -x**2 + 8*x + 14. Let w be j(10). Let f be -3 - -3*(-4 - w). Suppose f*c - 137 = -17. List the prime factors of c.
2, 5
Suppose -l + 636 = 4*l + 2*m, m + 386 = 3*l. Let v = l - 75. What are the prime factors of v?
53
Let k = -3605 - -5308. List the prime factors of k.
13, 131
Suppose -5*r = -t + 6465, t - 4*r = -r + 6461. What are the prime factors of t?
5, 1291
Suppose -2*w - 6 = 0, 2*w + 16 = 7*p - 2*p. Let x = 7 + -4. Suppose -2*o + 134 = -p*f, x*f - 177 = -3*o - 2*f. What are the prime factors of o?
2
Let z(k) = k**2 - 2*k - 2. Let p be z(4). Suppose p*w - 4*w - 4 = 0. Suppose -36 = -w*v - 2*i, -2*i = 5*v - 3*i - 60. What are the prime factors of v?
13
What are the prime factors of 0 - -5 - (-2151 + -81)?
2237
Suppose -7 = -3*g + 5*x - 1, -x = 0. Let z(y) = 6*y + 6*y - y**2 + 11 + 2*y**g. List the prime factors of z(-12).
11
Suppose 0 = -3*o + 2*f + 14765, 6*o + 24591 = 11*o + f. List the prime factors of o.
4919
Suppose -d + 6543 = 5*z, -79*z + 2*d = -82*z + 3923. What are the prime factors of z?
7, 11, 17
Suppose -15*s + 4116 = -1869. What are the prime factors of s?
3, 7, 19
Let j(m) = 101*m - 97. List the prime factors of j(5).
2, 3, 17
Suppose 4*b = 4*g + 2*b + 6, 9 = 4*g + b. Let y be (-8755)/(-102) - g/(-6). Suppose 9*i = 7*i + y. List the prime factors of i.
43
Let d(q) = 11*q + 11. Let t be d(7). What are the prime factors of (t/(-3))/((-4)/6)?
2, 11
Let k be 1*(-2 - -6) - -126. Suppose -2*v - 3*v = 5*w + k, -3*v + 6 = -w. Let c = 13 - w. What are the prime factors of c?
2, 17
Let j(d) be the third derivative of d**5/12 + 3*d**4/8 - 11*d**3/3 + 26*d**2. What are the prime factors of j(-8)?
2, 113
Suppose -327 = -5*b + 4963. What are the prime factors of b?
2, 23
Let o = -38 - -32. List the prime factors of 3/(-1)*384/o.
2, 3
Let a = -445 - -718. List the prime factors of a.
3, 7, 13
List the prime factors of 2202/((0 + 2)*1).
3, 367
Let v(j) = j**2 - j + 3. Let l be 3 - 0/(3 - -1). Suppose w = -l*w. List the prime factors of v(w).
3
What are the prime factors of (-1)/(-4*2/11160)?
3, 5, 31
Suppose -4*n + 8 = -4*a, 3*a + 0 = 15. Suppose 12*l + 425 = n*l. Let j = l - -143. List the prime factors of j.
2, 29
Let f(q) = q**3 + 7*q**2 - 10*q - 1. Suppose -k = -4*k + 90. Let o be (-4)/10 + (-228)/k. List the prime factors of f(o).
3, 5
Suppose -445 = -5*u - 25. What are the prime factors of u?
2, 3, 7
Let r be (-9)/6*16/(-6). Suppose -3*p + 2 = -1, 40 = k - r*p. What are the prime factors of 14*(1 - k/(-28))?
2, 3
Let t be ((-10)/3)/((-12)/90). Let c be (-15)/t - (-958)/5. Suppose -3*n = q - 108, -c = -5*n + 2*q - 22. List the prime factors of n.
5, 7
Let w(k) = k**2 + k + 116. Let m be (-1 - -1)/(8 - 6). Let h be w(m). Suppose -4*q + h = -4*u, -3*u + 8*u + 45 = q. What are the prime factors of q?
5
Let z = 1329 - 752. What are the prime factors of z?
577
Let h be (-1 + 0)/((-5)/30). Let b be -5 - -2 - h*6. Let m = 64 + b. List the prime factors of m.
5
Let j(l) = 525*l**2 - 16*l - 4. What are the prime factors of j(-2)?
2, 7, 19
Let w be 7/4 - (-5)/20. Suppose -75 = -3*v - 0*v + w*s, -3*v - 4*s = -93. List the prime factors of v.
3
Let q(d) = 2*d - 19. Let h be q(7). List the prime factors of -2 + h + (151 - -2).
2, 73
Suppose 0 = 5*v + 25, -643 = 4*f - 2*v - 121. Let x = f + 234. List the prime factors of x.
101
Suppose 61*z = 54*z + 1365. What are the prime factors of z?
3, 5, 13
Let v(q) = -q**3 - 9*q**2 + 9*q - 10. Let z be v(-8). Let d = -67 - z. What are the prime factors of d?
79
Suppose -2*s = -6*s. Suppose -j = 3*k - 6, -j = -4*k - s*j + 8. Suppose x = -k*x + 30. What are the prime factors of x?
2, 5
Let k be 21/((135/(-400))/(-9)). List the prime factors of (24/(-10))/((-42)/k).
2
What are the prime factors of 1763 + -6 + 4 + 6 + -4?
41, 43
Suppose -15766 = -5*y - 2*m - 4549, -y = 2*m - 2245. Suppose -y + 273 = -10*n. List the prime factors of n.
197
Suppose -4*n - 33 - 75 = 0. Suppose -k - 8*k - 1962 = 0. What are the prime factors of 9/n - k/6?
2, 3
Suppose 2 - 4 = -i. Suppose i*j = 5*j + 3, -54 = -5*b - j. What are the prime factors of b?
11
Suppose -2*h - 2*h = -20. Let g(f) = 2*f**2 + 9 - 3 - h*f**2 + 2*f**2 - 16*f. List the prime factors of g(-13).
3, 5
Let f(t) = 4*t**2 - 12*t - 6. Let y be f(9). Suppose y = 6*m - 282. What are the prime factors of m?
2, 41
Let p = 359 + -256. Let h = 118 - p. What are the prime factors of h?
3, 5
Let n be 684/(-7) + 2/(-7). List the prime factors of (5 - n) + (5 - 3).
3, 5, 7
Let x(w) = 26*w**2 - 1. Let b be x(-1). Let t = 16 - 9. Let n = b + t. What are the prime factors of n?
2
Suppose -18*q = 8*q - 1872. List the prime factors of q.
2, 3
Suppose 4*v = 2*v + 12. Suppose -4*w + 28 - v = 2*c, -23 = -c - 5*w. Suppose c*q = 5*t + 38, -4*q + 5*t + 33 = -26. List the prime factors of q.
3, 7
Suppose -6 = 2*j + 12. Let a = 15 + j. Suppose a*u + 22 = 7*u. What are the prime factors of u?
2, 11
Let x be ((-18)/10)/((-3)/10). Let z(q) be the second derivative of -q**4/12 + 4*q**3/3 + q**2/2 - q. What are the prime factors of z(x)?
13
Suppose 0 = -6*t + 130 + 194. Suppose 5*c + 4*g = 103, t + 16 = 4*c - 3*g. What are the prime factors of c?
19
Let q be 7/3 + (-4)/(-6). Suppose 5*h - 405 = 3*l, 203 = q*h + 3*l - 16. Let r = h - 51. List the prime factors of r.
3
Suppose -3*n + 5*h + 43 = -n, 3 = h. Let b = n + -43. Let g = -7 - b. What are the prime factors of g?
7
Let k(z) = -z**2 - 18*z + 2. Let w(p) = -p**3 - 4*p**2 + 3*p - 4. Let n be w(-4). List the prime factors of k(n).
2, 17
Let d be (-4)/12 - 13/(-3). Suppose d*h + 17 = -p + h, 2*p - 4*h = 6. What are the prime factors of -1 + 2 + (-20)/p?
5
Suppose 48*d = 42*d + 1692. What are the prime factors of d?
2, 3, 47
Suppose -11*f + 1328 = -9*f. What are the prime factors of f?
2, 83
What are the prime factors of (47640/70 - 6) + (-3)/(-7)?
3, 5
Let g = 10 + 29. Suppose 9 = 5*l + g. Let v = l - -10. What are the prime factors of v?
2
Let c = 56 + -161. What are the prime factors of (58/(-10) - -2)/(21/c)?
19
Suppose 6*g = 2*g + 28. Suppose -5*z = -d - 5, g*d - z + 1 = 3*d. Suppose 5*w - 267 + 17 = d. What are the prime factors of w?
2, 5
Suppose 196 = 5*s - 4*g, 3*s + g + 148 = 7*s. Let d be 24/s*(0 - -6). Suppose -3*z + z - 40 = -4*n, 0 = 2*z + d. List the prime factors of n.
3
List the prime factors of (-21 - -399) + -1 + 0 + 1.
2, 3, 7
Let u(l) = 8*l**2 + 7*l - 4. Let v(g) = -7*g**2 - 7*g + 4. Let b(s) = 6*u(s) + 7*v(s). Let m be b(-7). What are the prime factors of (1 - m) + 0 + 6?
3
Let r = 67 + -69. List the prime factors of 1/r - 1656/(-16).
103
Let z be -3*((-35)/15)/(-7). Let p be z/((-1)/158 - 0). Suppose -5*u + p = -3*u. List the prime factors of u.
79
Let q(x) be the first derivative of x**3 + 25*x**2/2 - 9*x + 12. List the prime factors of q(-11).
79
Suppose -4 = 6*t - 8*t. Suppose -3*b = o - 123, t*o + 14 - 281 = b. List the prime factors of o.
2, 3, 11
Let b = -286 - -553. List the prime factors of b.
3, 89
Suppose -4*h = h + 205. Suppose 4*y + 343 = 5*v, -5*v = 2*y + y - 364. Let w = h + v. What are the prime factors of w?
2, 3, 5
Suppose 3*h - 7*h + 60